ate the remainder when 528 is divided by 23.
22
Calculate the remainder when 114 is divided by 32.
18
Calculate the remainder when 288 is divided by 30.
18
What is the remainder when 309 is divided by 63?
57
What is the remainder when 172 is divided by 62?
48
What is the remainder when 156 is divided by 20?
16
Calculate the remainder when 2040 is divided by 88.
16
Calculate the remainder when 625 is divided by 17.
13
Calculate the remainder when 398 is divided by 50.
48
What is the remainder when 1416 is divided by 519?
378
What is the remainder when 144 is divided by 84?
60
Calculate the remainder when 202 is divided by 18.
4
Calculate the remainder when 411 is divided by 59.
57
What is the remainder when 3399 is divided by 162?
159
Calculate the remainder when 1604 is divided by 37.
13
What is the remainder when 41 is divided by 15?
11
Calculate the remainder when 1923 is divided by 26.
25
What is the remainder when 2378 is divided by 28?
26
What is the remainder when 3937 is divided by 73?
68
Calculate the remainder when 243 is divided by 6.
3
What is the remainder when 124 is divided by 72?
52
Calculate the remainder when 5318 is divided by 133.
131
What is the remainder when 8370 is divided by 182?
180
Calculate the remainder when 511 is divided by 32.
31
What is the remainder when 138 is divided by 21?
12
What is the remainder when 2161 is divided by 249?
169
What is the remainder when 258 is divided by 29?
26
Calculate the remainder when 461 is divided by 12.
5
Calculate the remainder when 353 is divided by 4.
1
What is the remainder when 414 is divided by 10?
4
What is the remainder when 145 is divided by 122?
23
Calculate the remainder when 1447 is divided by 11.
6
What is the remainder when 250 is divided by 117?
16
Calculate the remainder when 241 is divided by 43.
26
Calculate the remainder when 255 is divided by 88.
79
Calculate the remainder when 152 is divided by 96.
56
What is the remainder when 521 is divided by 5?
1
Calculate the remainder when 146 is divided by 16.
2
Calculate the remainder when 442 is divided by 1.
0
What is the remainder when 218 is divided by 5?
3
Calculate the remainder when 74591 is divided by 13.
10
Calculate the remainder when 1585 is divided by 784.
17
Calculate the remainder when 503 is divided by 24.
23
What is the remainder when 2620 is divided by 29?
10
Calculate the remainder when 212 is divided by 49.
16
What is the remainder when 341 is divided by 104?
29
Calculate the remainder when 70 is divided by 65.
5
Calculate the remainder when 375 is divided by 179.
17
Calculate the remainder when 28 is divided by 18.
10
Calculate the remainder when 153 is divided by 7.
6
Calculate the remainder when 105 is divided by 103.
2
What is the remainder when 1160 is divided by 57?
20
What is the remainder when 2263 is divided by 93?
31
Calculate the remainder when 433 is divided by 433.
0
Calculate the remainder when 27 is divided by 15.
12
What is the remainder when 45 is divided by 15?
0
Calculate the remainder when 91 is divided by 20.
11
Calculate the remainder when 2878 is divided by 120.
118
What is the remainder when 104 is divided by 27?
23
What is the remainder when 199 is divided by 21?
10
Calculate the remainder when 613 is divided by 90.
73
Calculate the remainder when 1216 is divided by 32.
0
What is the remainder when 327 is divided by 50?
27
Calculate the remainder when 1529 is divided by 314.
273
What is the remainder when 1083 is divided by 84?
75
Calculate the remainder when 200 is divided by 49.
4
What is the remainder when 401 is divided by 381?
20
What is the remainder when 1301 is divided by 8?
5
Calculate the remainder when 891 is divided by 294.
9
Calculate the remainder when 999 is divided by 24.
15
What is the remainder when 538 is divided by 45?
43
Calculate the remainder when 102 is divided by 2.
0
Calculate the remainder when 166 is divided by 135.
31
What is the remainder when 354 is divided by 112?
18
What is the remainder when 99 is divided by 17?
14
What is the remainder when 535 is divided by 14?
3
What is the remainder when 2171 is divided by 20?
11
What is the remainder when 57 is divided by 20?
17
What is the remainder when 23 is divided by 12?
11
Calculate the remainder when 4498 is divided by 2237.
24
Calculate the remainder when 210 is divided by 28.
14
What is the remainder when 342 is divided by 29?
23
Calculate the remainder when 1259 is divided by 180.
179
What is the remainder when 329 is divided by 5?
4
What is the remainder when 1094 is divided by 44?
38
What is the remainder when 3819 is divided by 191?
190
What is the remainder when 454 is divided by 65?
64
What is the remainder when 417 is divided by 21?
18
What is the remainder when 431 is divided by 54?
53
What is the remainder when 367 is divided by 14?
3
Calculate the remainder when 378 is divided by 70.
28
What is the remainder when 85 is divided by 45?
40
What is the remainder when 87 is divided by 30?
27
What is the remainder when 349 is divided by 172?
5
What is the remainder when 1024 is divided by 57?
55
What is the remainder when 186 is divided by 41?
22
What is the remainder when 96 is divided by 89?
7
What is the remainder when 160 is divided by 74?
12
What is the remainder when 534 is divided by 173?
15
Calculate the remainder when 69 is divided by 14.
13
Calculate the remainder when 2150 is divided by 238.
8
What is the remainder when 147 is divided by 3?
0
What is the remainder when 118 is divided by 72?
46
What is the remainder when 1733 is divided by 425?
33
What is the remainder when 3341 is divided by 15?
11
Calculate the remainder when 175 is divided by 9.
4
What is the remainder when 2 is divided by 1?
0
Calculate the remainder when 423 is divided by 146.
131
Calculate the remainder when 3667 is divided by 131.
130
What is the remainder when 51 is divided by 11?
7
What is the remainder when 63 is divided by 19?
6
Calculate the remainder when 12217 is divided by 298.
297
Calculate the remainder when 293 is divided by 39.
20
What is the remainder when 12617 is divided by 21?
17
What is the remainder when 403 is divided by 68?
63
What is the remainder when 181 is divided by 154?
27
What is the remainder when 105 is divided by 28?
21
Calculate the remainder when 456 is divided by 28.
8
Calculate the remainder when 30 is divided by 3.
0
What is the remainder when 62 is divided by 20?
2
What is the remainder when 152 is divided by 55?
42
What is the remainder when 129 is divided by 101?
28
Calculate the remainder when 387 is divided by 135.
117
What is the remainder when 478 is divided by 32?
30
What is the remainder when 3716 is divided by 26?
24
What is the remainder when 199 is divided by 3?
1
Calculate the remainder when 862 is divided by 99.
70
Calculate the remainder when 19 is divided by 16.
3
What is the remainder when 307 is divided by 78?
73
Calculate the remainder when 5356 is divided by 141.
139
What is the remainder when 1794 is divided by 891?
12
What is the remainder when 99 is divided by 87?
12
What is the remainder when 94 is divided by 19?
18
What is the remainder when 799 is divided by 247?
58
Calculate the remainder when 4985 is divided by 113.
13
What is the remainder when 129 is divided by 51?
27
What is the remainder when 21894 is divided by 27?
24
Calculate the remainder when 1244 is divided by 411.
11
What is the remainder when 205 is divided by 54?
43
What is the remainder when 1523 is divided by 497?
32
What is the remainder when 504 is divided by 173?
158
Calculate the remainder when 523 is divided by 173.
4
Calculate the remainder when 26 is divided by 10.
6
What is the remainder when 239 is divided by 19?
11
What is the remainder when 671 is divided by 197?
80
Calculate the remainder when 2077 is divided by 26.
23
What is the remainder when 59 is divided by 23?
13
What is the remainder when 164 is divided by 13?
8
What is the remainder when 802 is divided by 576?
226
What is the remainder when 151 is divided by 27?
16
Calculate the remainder when 265 is divided by 6.
1
What is the remainder when 66 is divided by 23?
20
What is the remainder when 1406 is divided by 233?
8
What is the remainder when 178 is divided by 25?
3
Calculate the remainder when 310 is div